{"id":990,"date":"2017-01-04T14:47:05","date_gmt":"2017-01-04T14:47:05","guid":{"rendered":"https:\/\/www.hipodromo.com\/?page_id=990"},"modified":"2017-05-25T19:19:02","modified_gmt":"2017-05-26T00:19:02","slug":"salas-internacionales","status":"publish","type":"page","link":"https:\/\/www.hipodromo.com\/index.php\/salas-internacionales\/","title":{"rendered":"Salas Internacionales"},"content":{"rendered":"<div id=\"pl-990\"  class=\"panel-layout\" ><div id=\"pg-990-0\"  class=\"panel-grid panel-no-style\" ><div id=\"pgc-990-0-0\"  class=\"panel-grid-cell\" ><div id=\"panel-990-0-0-0\" class=\"so-panel widget widget_sow-image panel-first-child\" data-index=\"0\" ><div\n\t\t\t\n\t\t\tclass=\"so-widget-sow-image so-widget-sow-image-default-8b5b6f678277-990\"\n\t\t\t\n\t\t>\n<div class=\"sow-image-container\">\n\t\t<img \n\tsrc=\"https:\/\/www.hipodromo.com\/wp-content\/themes\/salmon\/frontend\/assets\/images\/placeholder.png\" data-src=\"https:\/\/www.hipodromo.com\/wp-content\/uploads\/2017\/02\/15995130_1875673622667477_5207601693712656142_o-800x600.jpg\" width=\"800\" height=\"600\" sizes=\"(max-width: 800px) 100vw, 800px\" alt=\"\" \t\tclass=\"fy-image fy-image-responsive fy-lazy so-widget-image\"\/><noscript><img \n\tsrc=\"https:\/\/www.hipodromo.com\/wp-content\/uploads\/2017\/02\/15995130_1875673622667477_5207601693712656142_o-800x600.jpg\" width=\"800\" height=\"600\" sizes=\"(max-width: 800px) 100vw, 800px\" alt=\"\" \t\tclass=\"so-widget-image\"\/><\/noscript>\n\t<\/div>\n\n<h3 class=\"widget-title\"><\/h3><\/div><\/div><div id=\"panel-990-0-0-1\" class=\"so-panel widget widget_text\" data-index=\"1\" ><h3 class=\"widget-title\">Salas Capital<\/h3>\t\t\t<div class=\"textwidget\"><p>* Sal\u00f3n Presidencial - 3er Piso Hip\u00f3dromo Presidente Rem\u00f3n;<br \/>\n* Sal\u00f3n Monte Carlo - 2do Piso Hip\u00f3dromo Presidente Rem\u00f3n;<br \/>\n* Casino Crown Hip\u00f3dromo;<br \/>\n* Casino Crown Sheraton;<br \/>\n* Casino Crown El Panam\u00e1;<br \/>\n* Casino Crown Soloy;<\/p>\n<\/div>\n\t\t<\/div><div id=\"panel-990-0-0-2\" class=\"so-panel widget widget_text\" data-index=\"2\" ><h3 class=\"widget-title\">Sala Col\u00f3n<\/h3>\t\t\t<div class=\"textwidget\"><p>* Casino Crown Radisson;<\/p>\n<\/div>\n\t\t<\/div><div id=\"panel-990-0-0-3\" class=\"so-panel widget widget_text\" data-index=\"3\" ><h3 class=\"widget-title\">Salas David<\/h3>\t\t\t<div class=\"textwidget\"><p>* Casino Crown Nacional;<br \/>\n* Casino Crown Plaza Miraje;<\/p>\n<\/div>\n\t\t<\/div><div id=\"panel-990-0-0-4\" class=\"so-panel widget widget_text panel-last-child\" data-index=\"4\" ><h3 class=\"widget-title\">Tele Tuff:<\/h3>\t\t\t<div class=\"textwidget\"><p>800 - turf<br \/>\n800 - 8873<\/p>\n<\/div>\n\t\t<\/div><\/div><\/div><\/div>","protected":false},"excerpt":{"rendered":"<p>* Sal\u00f3n Presidencial &#8211; 3er Piso Hip\u00f3dromo Presidente Rem\u00f3n; * Sal\u00f3n Monte Carlo &#8211; 2do Piso Hip\u00f3dromo Presidente Rem\u00f3n; * Casino Crown Hip\u00f3dromo; * Casino Crown Sheraton; * Casino Crown &#8230;<\/p>\n","protected":false},"author":1,"featured_media":0,"parent":0,"menu_order":0,"comment_status":"closed","ping_status":"closed","template":"","meta":{"_exactmetrics_skip_tracking":false,"_exactmetrics_sitenote_active":false,"_exactmetrics_sitenote_note":"","_exactmetrics_sitenote_category":0,"footnotes":""},"class_list":["post-990","page","type-page","status-publish","hentry"],"_links":{"self":[{"href":"https:\/\/www.hipodromo.com\/index.php\/wp-json\/wp\/v2\/pages\/990","targetHints":{"allow":["GET"]}}],"collection":[{"href":"https:\/\/www.hipodromo.com\/index.php\/wp-json\/wp\/v2\/pages"}],"about":[{"href":"https:\/\/www.hipodromo.com\/index.php\/wp-json\/wp\/v2\/types\/page"}],"author":[{"embeddable":true,"href":"https:\/\/www.hipodromo.com\/index.php\/wp-json\/wp\/v2\/users\/1"}],"replies":[{"embeddable":true,"href":"https:\/\/www.hipodromo.com\/index.php\/wp-json\/wp\/v2\/comments?post=990"}],"version-history":[{"count":25,"href":"https:\/\/www.hipodromo.com\/index.php\/wp-json\/wp\/v2\/pages\/990\/revisions"}],"predecessor-version":[{"id":5003,"href":"https:\/\/www.hipodromo.com\/index.php\/wp-json\/wp\/v2\/pages\/990\/revisions\/5003"}],"wp:attachment":[{"href":"https:\/\/www.hipodromo.com\/index.php\/wp-json\/wp\/v2\/media?parent=990"}],"curies":[{"name":"wp","href":"https:\/\/api.w.org\/{rel}","templated":true}]}}