{"id":462,"date":"2016-09-04T11:16:02","date_gmt":"2016-09-04T11:16:02","guid":{"rendered":"http:\/\/salmon.forqy.website\/?page_id=462"},"modified":"2020-09-15T16:41:45","modified_gmt":"2020-09-15T21:41:45","slug":"grupo-codere","status":"publish","type":"page","link":"https:\/\/www.hipodromo.com\/index.php\/grupo-codere\/","title":{"rendered":"Grupo Codere"},"content":{"rendered":"<p><img loading=\"lazy\" decoding=\"async\" class=\"fy-image fy-image-responsive fy-lazy  wp-image-1619 alignleft\" src=\"https:\/\/www.hipodromo.com\/wp-content\/themes\/salmon\/frontend\/assets\/images\/placeholder.png\" data-src=\"https:\/\/www.hipodromo.com\/wp-content\/uploads\/2016\/09\/1392642590_noticia-300x195.jpg\" alt=\"\" width=\"378\" height=\"246\" \/><noscript><img loading=\"lazy\" decoding=\"async\" class=\" wp-image-1619 alignleft\" src=\"https:\/\/www.hipodromo.com\/wp-content\/uploads\/2016\/09\/1392642590_noticia-300x195.jpg\" alt=\"\" width=\"378\" height=\"246\" srcset=\"https:\/\/www.hipodromo.com\/wp-content\/uploads\/2016\/09\/1392642590_noticia-300x195.jpg 300w, https:\/\/www.hipodromo.com\/wp-content\/uploads\/2016\/09\/1392642590_noticia.jpg 660w\" sizes=\"auto, (max-width: 378px) 100vw, 378px\" \/><\/noscript><\/p>\n<p style=\"text-align: left;\"><a href=\"http:\/\/www.codere.com\/\">CODERE<\/a> es una Compa\u00f1\u00eda multinacional espa\u00f1ola, referente en el sector del juego privado, con presencia en ocho pa\u00edses de Europa y Am\u00e9rica. Es la \u00fanica empresa espa\u00f1ola del sector del juego que cotiza en Bolsa, desde el 19 de octubre de 2007 y, desarrolla su actividad en este complejo sector con total transparencia y responsabilidad.<\/p>\n<p style=\"text-align: left;\">La Compa\u00f1\u00eda desarrolla su negocio en cinco \u00e1reas de actividad: Terminales de Juego, Salas de Juego (bingos con m\u00e1quinas, casinos, salas de m\u00e1quinas en los hip\u00f3dromos y salones de juego con marca propia), Puntos de Apuestas, Hip\u00f3dromos y Juego Online. En 2015, <a href=\"http:\/\/www.codere.com\/\">CODERE<\/a> gestiona 53.596 m\u00e1quinas recreativas, 183 salas de juego, 1.805 puntos de apuestas deportivas, 2 hip\u00f3dromos y desarrolla actividad online.<\/p>\n<p style=\"text-align: left;\">CODERE comenz\u00f3 su actividad en 1980 gestionando terminales de juego y, poco a poco, inicia su desarrollo y consolidaci\u00f3n en Espa\u00f1a y acomete un proceso de expansi\u00f3n en el mercado latinoamericano e italiano y a otras \u00e1reas del sector del juego.<\/p>\n<p style=\"text-align: left;\">En la actualidad, la Compa\u00f1\u00eda tiene una posici\u00f3n destacada en las principales \u00e1reas de negocio y pa\u00edses en los que opera: Es el mayor operador en el sector del juego en la provincia de Buenos Aires, el mayor operador de salas de juego en M\u00e9xico y operador l\u00edder de juego en otros mercados en crecimiento como: Italia, Panam\u00e1, Colombia, Brasil y Uruguay.<\/p>\n<p style=\"text-align: left;\">Con una experiencia de m\u00e1s de treinta a\u00f1os, el \u00e9xito de la Compa\u00f1\u00eda radica en que ha sabido adaptarse a las circunstancias del mercado en cada momento y ha reinvertido sus beneficios en nuevas oportunidades de negocio.<\/p>\n<p style=\"text-align: left;\">Resulta muy importante destacar la amplia y diversa regulaci\u00f3n a la que est\u00e1 sometida la actividad desarrollada por CODERE, que var\u00eda en funci\u00f3n de cada pa\u00eds y la gesti\u00f3n de sus operaciones se ajusta a las peculiaridades de los ocho mercados locales en los que opera. En algunos casos, la Compa\u00f1\u00eda debe enfrentarse a f\u00e9rreos controles, con limitaciones de licencias y alta fiscalidad, mientras en otros, hay mucha competencia y bajos impuestos. Por todo ello, la flexibilidad y adaptaci\u00f3n al entorno son claves en CODERE, una Compa\u00f1\u00eda emprendedora que tiene vocaci\u00f3n de proyecto global: Multinacional y Multioperadora.<\/p>\n<p style=\"text-align: right;\"><strong><a href=\"https:\/\/www.hipodromo.com\/hipodromos\/\">Hip\u00f3dromos<\/a>\u00a0&#8211;\u00a0<a href=\"https:\/\/www.hipodromo.com\/apuestas-deportivas\/\">Apuestas Deportivas<\/a>\u00a0&#8211; <a href=\"https:\/\/www.hipodromo.com\/salas-de-juego\/\">Salas de Juegos<\/a> &#8211; <a href=\"https:\/\/www.hipodromo.com\/terminales-de-juego\/\">Terminales de Juegos<\/a><\/strong><\/p>\n","protected":false},"excerpt":{"rendered":"<p>CODERE es una Compa\u00f1\u00eda multinacional espa\u00f1ola, referente en el sector del juego privado, con presencia en ocho pa\u00edses de Europa y Am\u00e9rica. Es la \u00fanica empresa espa\u00f1ola del sector del &#8230;<\/p>\n","protected":false},"author":1,"featured_media":0,"parent":0,"menu_order":0,"comment_status":"closed","ping_status":"closed","template":"","meta":{"_exactmetrics_skip_tracking":false,"_exactmetrics_sitenote_active":false,"_exactmetrics_sitenote_note":"","_exactmetrics_sitenote_category":0,"footnotes":""},"class_list":["post-462","page","type-page","status-publish","hentry"],"_links":{"self":[{"href":"https:\/\/www.hipodromo.com\/index.php\/wp-json\/wp\/v2\/pages\/462","targetHints":{"allow":["GET"]}}],"collection":[{"href":"https:\/\/www.hipodromo.com\/index.php\/wp-json\/wp\/v2\/pages"}],"about":[{"href":"https:\/\/www.hipodromo.com\/index.php\/wp-json\/wp\/v2\/types\/page"}],"author":[{"embeddable":true,"href":"https:\/\/www.hipodromo.com\/index.php\/wp-json\/wp\/v2\/users\/1"}],"replies":[{"embeddable":true,"href":"https:\/\/www.hipodromo.com\/index.php\/wp-json\/wp\/v2\/comments?post=462"}],"version-history":[{"count":8,"href":"https:\/\/www.hipodromo.com\/index.php\/wp-json\/wp\/v2\/pages\/462\/revisions"}],"predecessor-version":[{"id":2353,"href":"https:\/\/www.hipodromo.com\/index.php\/wp-json\/wp\/v2\/pages\/462\/revisions\/2353"}],"wp:attachment":[{"href":"https:\/\/www.hipodromo.com\/index.php\/wp-json\/wp\/v2\/media?parent=462"}],"curies":[{"name":"wp","href":"https:\/\/api.w.org\/{rel}","templated":true}]}}