{"id":2343,"date":"2017-02-06T00:17:24","date_gmt":"2017-02-06T00:17:24","guid":{"rendered":"https:\/\/www.hipodromo.com\/?page_id=2343"},"modified":"2017-02-06T00:21:24","modified_gmt":"2017-02-06T00:21:24","slug":"terminales-de-juego","status":"publish","type":"page","link":"https:\/\/www.hipodromo.com\/index.php\/terminales-de-juego\/","title":{"rendered":"Terminales de Juego"},"content":{"rendered":"<p><img loading=\"lazy\" decoding=\"async\" class=\"fy-image fy-image-responsive fy-lazy size-medium wp-image-2349 alignleft\" src=\"https:\/\/www.hipodromo.com\/wp-content\/themes\/salmon\/frontend\/assets\/images\/placeholder.png\" data-src=\"https:\/\/www.hipodromo.com\/wp-content\/uploads\/2017\/02\/areas_negocio-maquinas-copia-300x294.jpg\" alt=\"\" width=\"300\" height=\"294\" \/><noscript><img loading=\"lazy\" decoding=\"async\" class=\"size-medium wp-image-2349 alignleft\" src=\"https:\/\/www.hipodromo.com\/wp-content\/uploads\/2017\/02\/areas_negocio-maquinas-copia-300x294.jpg\" alt=\"\" width=\"300\" height=\"294\" srcset=\"https:\/\/www.hipodromo.com\/wp-content\/uploads\/2017\/02\/areas_negocio-maquinas-copia-300x294.jpg 300w, https:\/\/www.hipodromo.com\/wp-content\/uploads\/2017\/02\/areas_negocio-maquinas-copia.jpg 350w\" sizes=\"auto, (max-width: 300px) 100vw, 300px\" \/><\/noscript>La gesti\u00f3n de terminales de juego constituye el origen de las actividades del Grupo <a href=\"http:\/\/www.codere.com\/\">CODERE<\/a>. En 2014, la Compa\u00f1\u00eda opera 52.172 terminales de juego ubicados en M\u00e9xico, Espa\u00f1a, Colombia, Italia, Argentina, Panam\u00e1 y Uruguay.<\/p>\n<p>Los terminales de juego, tambi\u00e9n llamados, m\u00e1quinas recreativas \u00f3 slot machines, entre otras denominaciones seg\u00fan los distintos pa\u00edses, ofrecen premios en met\u00e1lico en funci\u00f3n de las apuestas que realizan los usuarios. Las m\u00e1quinas est\u00e1n situadas en lugares de ocio, salas de juego, locales de hosteler\u00eda, bingos, casinos o hip\u00f3dromos.<\/p>\n<p>A\u00f1o tras a\u00f1o, los profesionales de <a href=\"http:\/\/www.codere.com\/\">CODERE<\/a> analizan los gustos y preferencias de los consumidores, as\u00ed como las necesidades de los establecimientos de hosteler\u00eda, disponiendo los recursos necesarios para satisfacer estas demandas y prestar, tanto a a clientes como usuarios, un servicio integral de calidad.<\/p>\n<p>An\u00e1lisis, renovaci\u00f3n y rotaci\u00f3n de los modelos de m\u00e1quinas, atenci\u00f3n comercial, gesti\u00f3n de recaudaci\u00f3n, servicio t\u00e9cnico y servicios de gestor\u00eda, son algunos de las actividades que <a href=\"http:\/\/www.codere.com\/\">CODERE<\/a> ofrece como socio activo en el desarrollo empresarial de sus clientes.<\/p>\n<p>La Compa\u00f1\u00eda considera un elemento b\u00e1sico en el negocio la continua innovaci\u00f3n del mercado, por ello ofrece la tecnolog\u00eda m\u00e1s novedosa y los productos m\u00e1s competitivos. El resultado de esta pol\u00edtica de renovaci\u00f3n y rotaci\u00f3n constante se refleja en los n\u00fameros: <a href=\"http:\/\/www.codere.com\/\">CODERE<\/a> obtiene una rentabilidad por m\u00e1quina mucho mayor que las empresas de la competencia.<\/p>\n","protected":false},"excerpt":{"rendered":"<p>La gesti\u00f3n de terminales de juego constituye el origen de las actividades del Grupo CODERE. En 2014, la Compa\u00f1\u00eda opera 52.172 terminales de juego ubicados en M\u00e9xico, Espa\u00f1a, Colombia, Italia, &#8230;<\/p>\n","protected":false},"author":1,"featured_media":0,"parent":0,"menu_order":0,"comment_status":"closed","ping_status":"closed","template":"","meta":{"_exactmetrics_skip_tracking":false,"_exactmetrics_sitenote_active":false,"_exactmetrics_sitenote_note":"","_exactmetrics_sitenote_category":0,"footnotes":""},"class_list":["post-2343","page","type-page","status-publish","hentry"],"_links":{"self":[{"href":"https:\/\/www.hipodromo.com\/index.php\/wp-json\/wp\/v2\/pages\/2343","targetHints":{"allow":["GET"]}}],"collection":[{"href":"https:\/\/www.hipodromo.com\/index.php\/wp-json\/wp\/v2\/pages"}],"about":[{"href":"https:\/\/www.hipodromo.com\/index.php\/wp-json\/wp\/v2\/types\/page"}],"author":[{"embeddable":true,"href":"https:\/\/www.hipodromo.com\/index.php\/wp-json\/wp\/v2\/users\/1"}],"replies":[{"embeddable":true,"href":"https:\/\/www.hipodromo.com\/index.php\/wp-json\/wp\/v2\/comments?post=2343"}],"version-history":[{"count":4,"href":"https:\/\/www.hipodromo.com\/index.php\/wp-json\/wp\/v2\/pages\/2343\/revisions"}],"predecessor-version":[{"id":2350,"href":"https:\/\/www.hipodromo.com\/index.php\/wp-json\/wp\/v2\/pages\/2343\/revisions\/2350"}],"wp:attachment":[{"href":"https:\/\/www.hipodromo.com\/index.php\/wp-json\/wp\/v2\/media?parent=2343"}],"curies":[{"name":"wp","href":"https:\/\/api.w.org\/{rel}","templated":true}]}}