{"id":2295,"date":"2017-02-05T22:25:09","date_gmt":"2017-02-05T22:25:09","guid":{"rendered":"https:\/\/www.hipodromo.com\/?page_id=2295"},"modified":"2020-10-07T12:40:24","modified_gmt":"2020-10-07T17:40:24","slug":"replay","status":"publish","type":"page","link":"https:\/\/www.hipodromo.com\/index.php\/replay\/","title":{"rendered":"Replay"},"content":{"rendered":"<h2 style=\"text-align: center;\"><strong>Videos de carreras pasadas en YouTube<\/strong><\/h2>\n<p><!--more--><\/p>\n<div id=\"wowza_player\" style=\"width: 100% !important; max-width: 1080px !important; margin: 0 auto !important; height: auto !important;\"><\/div>\n<p>&nbsp;<br \/>\n<iframe loading=\"lazy\" width=\"560\" height=\"315\" src=\"https:\/\/www.youtube.com\/embed\/watch?v=hzUY1lIvZg0&#038;list=UUZDvxe7K04c2qMuB01Gx1gw&#038;index=1&#038;ab_channel=Hip\u00f3dromoPresidenteRem\u00f3nHip\u00f3dromoPresidenteRem\u00f3n\" frameborder=\"0\" allow=\"autoplay; encrypted-media\" allowfullscreen><\/iframe><\/p>\n","protected":false},"excerpt":{"rendered":"<p>Videos de carreras pasadas en YouTube<\/p>\n","protected":false},"author":1,"featured_media":0,"parent":0,"menu_order":0,"comment_status":"closed","ping_status":"closed","template":"","meta":{"_exactmetrics_skip_tracking":false,"_exactmetrics_sitenote_active":false,"_exactmetrics_sitenote_note":"","_exactmetrics_sitenote_category":0,"footnotes":""},"class_list":["post-2295","page","type-page","status-publish","hentry"],"_links":{"self":[{"href":"https:\/\/www.hipodromo.com\/index.php\/wp-json\/wp\/v2\/pages\/2295","targetHints":{"allow":["GET"]}}],"collection":[{"href":"https:\/\/www.hipodromo.com\/index.php\/wp-json\/wp\/v2\/pages"}],"about":[{"href":"https:\/\/www.hipodromo.com\/index.php\/wp-json\/wp\/v2\/types\/page"}],"author":[{"embeddable":true,"href":"https:\/\/www.hipodromo.com\/index.php\/wp-json\/wp\/v2\/users\/1"}],"replies":[{"embeddable":true,"href":"https:\/\/www.hipodromo.com\/index.php\/wp-json\/wp\/v2\/comments?post=2295"}],"version-history":[{"count":52,"href":"https:\/\/www.hipodromo.com\/index.php\/wp-json\/wp\/v2\/pages\/2295\/revisions"}],"predecessor-version":[{"id":23460,"href":"https:\/\/www.hipodromo.com\/index.php\/wp-json\/wp\/v2\/pages\/2295\/revisions\/23460"}],"wp:attachment":[{"href":"https:\/\/www.hipodromo.com\/index.php\/wp-json\/wp\/v2\/media?parent=2295"}],"curies":[{"name":"wp","href":"https:\/\/api.w.org\/{rel}","templated":true}]}}